{"id":1611,"date":"2019-09-05T17:28:36","date_gmt":"2019-09-05T16:28:36","guid":{"rendered":"http:\/\/www.albertocreativografico.com\/blog\/?page_id=1611"},"modified":"2019-09-05T17:31:57","modified_gmt":"2019-09-05T16:31:57","slug":"politica-de-privacidad","status":"publish","type":"page","link":"http:\/\/www.albertocreativografico.com\/blog\/politica-de-privacidad\/","title":{"rendered":"Pol\u00edtica de Privacidad"},"content":{"rendered":"<h4>Qu\u00e9 datos personales recogemos y por qu\u00e9 los recogemos<\/h4>\n<h5>Comentarios Y Formularios de contacto<\/h5>\n<p>Cuando los visitantes dejan comentarios en la web, recopilamos los datos que se muestran en el formulario de comentarios, as\u00ed como la direcci\u00f3n IP del visitante y la cadena de agentes de usuario del navegador para ayudar a la detecci\u00f3n de spam.<\/p>\n<p>Una cadena an\u00f3nima creada a partir de tu direcci\u00f3n de correo electr\u00f3nico (tambi\u00e9n llamada hash) puede ser proporcionada al servicio de Gravatar para ver si la est\u00e1s usando. La pol\u00edtica de privacidad del servicio Gravatar est\u00e1 disponible aqu\u00ed: https:\/\/automattic.com\/privacy\/. Despu\u00e9s de la aprobaci\u00f3n de tu comentario, la imagen de tu perfil es visible para el p\u00fablico en el contexto de su comentario.<\/p>\n<h5>Cookies<\/h5>\n<p>Si dejas un comentario en nuestro sitio puedes elegir guardar tu nombre, direcci\u00f3n de correo electr\u00f3nico y web en cookies. Esto es para tu comodidad, para que no tengas que volver a rellenar tus datos cuando dejes otro comentario. Estas cookies tendr\u00e1n una duraci\u00f3n de un a\u00f1o.<\/p>\n<p>Si tienes una cuenta y te conectas a este sitio, instalaremos una cookie temporal para determinar si tu navegador acepta cookies. Esta cookie no contiene datos personales y se elimina al cerrar el navegador.<\/p>\n<p>Cuando inicias sesi\u00f3n, tambi\u00e9n instalaremos varias cookies para guardar tu informaci\u00f3n de inicio de sesi\u00f3n y tus opciones de visualizaci\u00f3n de pantalla. Las cookies de inicio de sesi\u00f3n duran dos d\u00edas, y las cookies de opciones de pantalla duran un a\u00f1o. Si seleccionas \u00abRecordarme\u00bb, tu inicio de sesi\u00f3n perdurar\u00e1 durante dos semanas. Si sales de tu cuenta, las cookies de inicio de sesi\u00f3n se eliminar\u00e1n.<\/p>\n<p>Si editas o publicas un art\u00edculo se guardar\u00e1 una cookie adicional en tu navegador. Esta cookie no incluye datos personales y simplemente indica el ID del art\u00edculo que acabas de editar. Caduca despu\u00e9s de 1 d\u00eda.<\/p>\n<h5>Contenido incrustado de otros sitios web<\/h5>\n<p>Los art\u00edculos de este sitio pueden incluir contenido incrustado (por ejemplo, v\u00eddeos, im\u00e1genes, art\u00edculos, etc.). El contenido incrustado de otras web se comporta exactamente de la misma manera que si el visitante hubiera visitado la otra web.<\/p>\n<p>Estas web pueden recopilar datos sobre ti, utilizar cookies, incrustar un seguimiento adicional de terceros, y supervisar tu interacci\u00f3n con ese contenido incrustado, incluido el seguimiento de su interacci\u00f3n con el contenido incrustado si tienes una cuenta y est\u00e1s conectado a esa web.<\/p>\n<h4>Con qui\u00e9n compartimos tus datos<\/h4>\n<p>Sus datos no los compartimos con nadie.<\/p>\n<h4>Cu\u00e1nto tiempo conservamos tus datos<\/h4>\n<p>Si dejas un comentario, el comentario y sus metadatos se conservan indefinidamente. Esto es para que podamos reconocer y aprobar comentarios sucesivos autom\u00e1ticamente en lugar de mantenerlos en una cola de moderaci\u00f3n.<\/p>\n<p>De los usuarios que se registran en nuestra web (si los hay), tambi\u00e9n almacenamos la informaci\u00f3n personal que proporcionan en su perfil de usuario. Todos los usuarios pueden ver, editar o eliminar su informaci\u00f3n personal en cualquier momento (excepto que no pueden cambiar su nombre de usuario). Los administradores de la web tambi\u00e9n pueden ver y editar esa informaci\u00f3n.<\/p>\n<h4>Qu\u00e9 derechos tienes sobre tus datos<\/h4>\n<p>Si tienes una cuenta o has dejado comentarios en esta web, puedes solicitar recibir un archivo de exportaci\u00f3n de los datos personales que tenemos sobre ti, incluyendo cualquier dato que nos hayas proporcionado. Tambi\u00e9n puedes solicitar que eliminemos cualquier dato personal que tengamos sobre ti. Esto no incluye ning\u00fan dato que estemos obligados a conservar con fines administrativos, legales o de seguridad.<\/p>\n<div id=\"titlediv\">\n<div class=\"inside\">\n<div id=\"edit-slug-box\" class=\"hide-if-no-js\">\u00a0<span id=\"sample-permalink\"><a href=\"http:\/\/www.albertocreativografico.com\/blog\/solicitud-de-acceso-a-datos\/\">SOLICITUD DE ACCESO A DATOS<span id=\"editable-post-name\"><\/span><\/a><\/span><\/div>\n<\/div>\n<\/div>\n<h4>D\u00f3nde enviamos tus datos<\/h4>\n<p>Los comentarios de los visitantes puede que los revise un servicio de detecci\u00f3n autom\u00e1tica de spam.<\/p>\n<h4>Informaci\u00f3n de contacto<\/h4>\n<p>Nombre del responsable de la web: Alberto Garc\u00eda Rodr\u00edguez<\/p>\n<p>Tel\u00e9fono de contacto:\u00a0<strong>620 02 31 03<\/strong><\/p>\n<p>La direcci\u00f3n de nuestra web es: <strong>http:\/\/www.albertocreativogr\u00e1fico.com<\/strong><\/p>\n<p>Mail: <a href=\"alberto@albertocreativografico.com\"><strong>alberto@albertocreativografico.com<\/strong><\/a><\/p>\n<p>&nbsp;<\/p>\n","protected":false},"excerpt":{"rendered":"<p>Qu\u00e9 datos personales recogemos y por qu\u00e9 los recogemos Comentarios Y Formularios de contacto Cuando los&hellip;<\/p>\n","protected":false},"author":5,"featured_media":1498,"parent":0,"menu_order":0,"comment_status":"closed","ping_status":"closed","template":"","meta":{"jetpack_post_was_ever_published":false},"jetpack_shortlink":"https:\/\/wp.me\/P2ZBZa-pZ","jetpack_sharing_enabled":true,"jetpack-related-posts":[{"id":72,"url":"http:\/\/www.albertocreativografico.com\/blog\/sobremi\/experiencia\/","url_meta":{"origin":1611,"position":0},"title":"Experiencia","date":"16 octubre, 2011","format":false,"excerpt":"Formaci\u00f3n Formado en Direcci\u00f3n Comercial en la Universidad de Valladolid. Integrante del Programa CREA de direcci\u00f3n empresarial \u00a0del Ayuntamiento de Valladolid y C\u00e1mara de Comercio. Y titulaciones de: - Especialista en Fotocomposici\u00f3n,\u00a0 impartido por FOREM (CC.OO.) - Dise\u00f1o Web,\u00a0 impartido por C.I.C. (Castilla Inform\u00e1tica Consulting) Formaci\u00f3n complementaria - Adobe Siute\u2026","rel":"","context":"Entrada similar","img":{"alt_text":"","src":"https:\/\/i0.wp.com\/www.albertocreativografico.com\/blog\/wp-content\/uploads\/2011\/10\/formacion-300x300.jpg?resize=350%2C200","width":350,"height":200},"classes":[]},{"id":126,"url":"http:\/\/www.albertocreativografico.com\/blog\/contacto\/","url_meta":{"origin":1611,"position":1},"title":"Contacto","date":"17 octubre, 2011","format":false,"excerpt":"Si desea mayor informaci\u00f3n, solicitar presupuesto, o cualquiero otro tipo de consulta o dude en contactar conmigo a trav\u00e9s del correo alberto@albertocreativogr\u00e1fico.com Para desarrollar mi tarea no es necesario la proximidad, y f\u00e1cilmente se pueden realizar trabajos a distancia. En todo momento tendr\u00e1 completa informaci\u00f3n acerca de la evoluci\u00f3n del\u2026","rel":"","context":"Entrada similar","img":{"alt_text":"","src":"https:\/\/i0.wp.com\/www.albertocreativografico.com\/blog\/wp-content\/uploads\/2011\/10\/target_logo.jpg?resize=350%2C200","width":350,"height":200},"classes":[]},{"id":90,"url":"http:\/\/www.albertocreativografico.com\/blog\/marketingefectivo\/","url_meta":{"origin":1611,"position":2},"title":"Marketing efectivo","date":"17 octubre, 2011","format":false,"excerpt":"La importancia de la imagen El dise\u00f1o gr\u00e1fico no es solo una faceta art\u00edstica y creativa; es un concepto practico y funcional, con un objetivo, captar la atenci\u00f3n al p\u00fablico sobre el contenido, y que este le resulte atractivo. Formado en marketing, publicidad y dise\u00f1o, mis facultades est\u00e1n a su\u2026","rel":"","context":"Entrada similar","img":{"alt_text":"","src":"https:\/\/i0.wp.com\/www.albertocreativografico.com\/blog\/wp-content\/uploads\/2011\/10\/target_logo.jpg?fit=304%2C380&resize=350%2C200","width":350,"height":200},"classes":[]},{"id":2,"url":"http:\/\/www.albertocreativografico.com\/blog\/sobremi\/","url_meta":{"origin":1611,"position":3},"title":"Sobre mi","date":"12 septiembre, 2011","format":false,"excerpt":"Dise\u00f1ador gr\u00e1fico con m\u00e1s de 10 a\u00f1os de experiencia como creativo gr\u00e1fico, dise\u00f1ador web, y maquetador. Formado en marketing, publicidad y dise\u00f1o, estoy facultado para cualquier acci\u00f3n comercial efectiva. Me tomo el dise\u00f1o, como una actividad seria enfocada al sector empresarial y comercial, y por ello entiendo, que prima la\u2026","rel":"","context":"Entrada similar","img":{"alt_text":"","src":"","width":0,"height":0},"classes":[]},{"id":120,"url":"http:\/\/www.albertocreativografico.com\/blog\/sobremi\/fotografia\/","url_meta":{"origin":1611,"position":4},"title":"Fotograf\u00eda","date":"17 octubre, 2011","format":false,"excerpt":"Ante todo soy un fot\u00f3grafo aficionado, pero conozco la fotograf\u00eda lo suficiente, para realizar un trabajo de calidad. Experiencia probada en fotograf\u00eda industrial, que se plasma en innumerables trabajos, en los que la fotograf\u00eda era un elemento clave, como en la elaboraci\u00f3n de cat\u00e1logos impresos y\/o web. Si por algo\u2026","rel":"","context":"Entrada similar","img":{"alt_text":"","src":"https:\/\/i0.wp.com\/www.albertocreativografico.com\/blog\/wp-content\/uploads\/2011\/10\/yocamara.jpg?fit=720%2C720&resize=350%2C200","width":350,"height":200},"classes":[]}],"jetpack_likes_enabled":true,"_links":{"self":[{"href":"http:\/\/www.albertocreativografico.com\/blog\/wp-json\/wp\/v2\/pages\/1611"}],"collection":[{"href":"http:\/\/www.albertocreativografico.com\/blog\/wp-json\/wp\/v2\/pages"}],"about":[{"href":"http:\/\/www.albertocreativografico.com\/blog\/wp-json\/wp\/v2\/types\/page"}],"author":[{"embeddable":true,"href":"http:\/\/www.albertocreativografico.com\/blog\/wp-json\/wp\/v2\/users\/5"}],"replies":[{"embeddable":true,"href":"http:\/\/www.albertocreativografico.com\/blog\/wp-json\/wp\/v2\/comments?post=1611"}],"version-history":[{"count":2,"href":"http:\/\/www.albertocreativografico.com\/blog\/wp-json\/wp\/v2\/pages\/1611\/revisions"}],"predecessor-version":[{"id":1613,"href":"http:\/\/www.albertocreativografico.com\/blog\/wp-json\/wp\/v2\/pages\/1611\/revisions\/1613"}],"wp:featuredmedia":[{"embeddable":true,"href":"http:\/\/www.albertocreativografico.com\/blog\/wp-json\/wp\/v2\/media\/1498"}],"wp:attachment":[{"href":"http:\/\/www.albertocreativografico.com\/blog\/wp-json\/wp\/v2\/media?parent=1611"}],"curies":[{"name":"wp","href":"https:\/\/api.w.org\/{rel}","templated":true}]}}

Política de Privacidad

<h4>Qué datos personales recogemos y por qué los recogemos</h4>
<h5>Comentarios Y Formularios de contacto</h5>
<p>Cuando los visitantes dejan comentarios en la web, recopilamos los datos que se muestran en el formulario de comentarios, así como la dirección IP del visitante y la cadena de agentes de usuario del navegador para ayudar a la detección de spam.</p>
<p>Una cadena anónima creada a partir de tu dirección de correo electrónico (también llamada hash) puede ser proporcionada al servicio de Gravatar para ver si la estás usando. La política de privacidad del servicio Gravatar está disponible aquí: https://automattic.com/privacy/. Después de la aprobación de tu comentario, la imagen de tu perfil es visible para el público en el contexto de su comentario.</p>
<h5>Cookies</h5>
<p>Si dejas un comentario en nuestro sitio puedes elegir guardar tu nombre, dirección de correo electrónico y web en cookies. Esto es para tu comodidad, para que no tengas que volver a rellenar tus datos cuando dejes otro comentario. Estas cookies tendrán una duración de un año.</p>
<p>Si tienes una cuenta y te conectas a este sitio, instalaremos una cookie temporal para determinar si tu navegador acepta cookies. Esta cookie no contiene datos personales y se elimina al cerrar el navegador.</p>
<p>Cuando inicias sesión, también instalaremos varias cookies para guardar tu información de inicio de sesión y tus opciones de visualización de pantalla. Las cookies de inicio de sesión duran dos días, y las cookies de opciones de pantalla duran un año. Si seleccionas «Recordarme», tu inicio de sesión perdurará durante dos semanas. Si sales de tu cuenta, las cookies de inicio de sesión se eliminarán.</p>
<p>Si editas o publicas un artículo se guardará una cookie adicional en tu navegador. Esta cookie no incluye datos personales y simplemente indica el ID del artículo que acabas de editar. Caduca después de 1 día.</p>
<h5>Contenido incrustado de otros sitios web</h5>
<p>Los artículos de este sitio pueden incluir contenido incrustado (por ejemplo, vídeos, imágenes, artículos, etc.). El contenido incrustado de otras web se comporta exactamente de la misma manera que si el visitante hubiera visitado la otra web.</p>
<p>Estas web pueden recopilar datos sobre ti, utilizar cookies, incrustar un seguimiento adicional de terceros, y supervisar tu interacción con ese contenido incrustado, incluido el seguimiento de su interacción con el contenido incrustado si tienes una cuenta y estás conectado a esa web.</p>
<h4>Con quién compartimos tus datos</h4>
<p>Sus datos no los compartimos con nadie.</p>
<h4>Cuánto tiempo conservamos tus datos</h4>
<p>Si dejas un comentario, el comentario y sus metadatos se conservan indefinidamente. Esto es para que podamos reconocer y aprobar comentarios sucesivos automáticamente en lugar de mantenerlos en una cola de moderación.</p>
<p>De los usuarios que se registran en nuestra web (si los hay), también almacenamos la información personal que proporcionan en su perfil de usuario. Todos los usuarios pueden ver, editar o eliminar su información personal en cualquier momento (excepto que no pueden cambiar su nombre de usuario). Los administradores de la web también pueden ver y editar esa información.</p>
<h4>Qué derechos tienes sobre tus datos</h4>
<p>Si tienes una cuenta o has dejado comentarios en esta web, puedes solicitar recibir un archivo de exportación de los datos personales que tenemos sobre ti, incluyendo cualquier dato que nos hayas proporcionado. También puedes solicitar que eliminemos cualquier dato personal que tengamos sobre ti. Esto no incluye ningún dato que estemos obligados a conservar con fines administrativos, legales o de seguridad.</p>
<div id="titlediv">
<div class="inside">
<div id="edit-slug-box" class="hide-if-no-js"> <span id="sample-permalink"><a href="http://www.albertocreativografico.com/blog/solicitud-de-acceso-a-datos/">SOLICITUD DE ACCESO A DATOS<span id="editable-post-name"></span></a></span></div>
</div>
</div>
<h4>Dónde enviamos tus datos</h4>
<p>Los comentarios de los visitantes puede que los revise un servicio de detección automática de spam.</p>
<h4>Información de contacto</h4>
<p>Nombre del responsable de la web: Alberto García Rodríguez</p>
<p>Teléfono de contacto: <strong>620 02 31 03</strong></p>
<p>La dirección de nuestra web es: <strong>http://www.albertocreativográfico.com</strong></p>
<p>Mail: <a href="alberto@albertocreativografico.com"><strong>alberto@albertocreativografico.com</strong></a></p>
<p>&nbsp;</p>

<p>Qué datos personales recogemos y por qué los recogemos Comentarios Y Formularios de contacto Cuando los&hellip;</p>

Formación Formado en Dirección Comercial en la Universidad de Valladolid. Integrante del Programa CREA de dirección empresarial  del Ayuntamiento de Valladolid y Cámara de Comercio. Y titulaciones de: - Especialista en Fotocomposición,  impartido por FOREM (CC.OO.) - Diseño Web,  impartido por C.I.C. (Castilla Informática Consulting) Formación complementaria - Adobe Siute…

Si desea mayor información, solicitar presupuesto, o cualquiero otro tipo de consulta o dude en contactar conmigo a través del correo alberto@albertocreativográfico.com Para desarrollar mi tarea no es necesario la proximidad, y fácilmente se pueden realizar trabajos a distancia. En todo momento tendrá completa información acerca de la evolución del…

La importancia de la imagen El diseño gráfico no es solo una faceta artística y creativa; es un concepto practico y funcional, con un objetivo, captar la atención al público sobre el contenido, y que este le resulte atractivo. Formado en marketing, publicidad y diseño, mis facultades están a su…

Diseñador gráfico con más de 10 años de experiencia como creativo gráfico, diseñador web, y maquetador. Formado en marketing, publicidad y diseño, estoy facultado para cualquier acción comercial efectiva. Me tomo el diseño, como una actividad seria enfocada al sector empresarial y comercial, y por ello entiendo, que prima la…

Fotografía

Ante todo soy un fotógrafo aficionado, pero conozco la fotografía lo suficiente, para realizar un trabajo de calidad. Experiencia probada en fotografía industrial, que se plasma en innumerables trabajos, en los que la fotografía era un elemento clave, como en la elaboración de catálogos impresos y/o web. Si por algo…
