{"id":90,"date":"2011-10-17T08:22:40","date_gmt":"2011-10-17T08:22:40","guid":{"rendered":"http:\/\/www.albertocreativografico.com\/blog\/?page_id=90"},"modified":"2017-01-12T18:13:50","modified_gmt":"2017-01-12T17:13:50","slug":"marketingefectivo","status":"publish","type":"page","link":"http:\/\/www.albertocreativografico.com\/blog\/marketingefectivo\/","title":{"rendered":"Marketing efectivo"},"content":{"rendered":"<h2><img decoding=\"async\" loading=\"lazy\" class=\" wp-image-102 alignleft\" title=\"target\" src=\"https:\/\/i0.wp.com\/www.albertocreativografico.com\/blog\/wp-content\/uploads\/2011\/10\/target_logo.jpg?resize=228%2C285\" alt=\"target\" width=\"228\" height=\"285\" srcset=\"https:\/\/i0.wp.com\/www.albertocreativografico.com\/blog\/wp-content\/uploads\/2011\/10\/target_logo.jpg?w=304 304w, https:\/\/i0.wp.com\/www.albertocreativografico.com\/blog\/wp-content\/uploads\/2011\/10\/target_logo.jpg?resize=240%2C300 240w\" sizes=\"(max-width: 228px) 100vw, 228px\" data-recalc-dims=\"1\" \/>La importancia de la imagen<\/h2>\n<p>El dise\u00f1o gr\u00e1fico no es solo una faceta art\u00edstica y creativa; es un concepto practico y funcional, con un objetivo, captar la atenci\u00f3n al p\u00fablico sobre el contenido, y que este le resulte atractivo.<\/p>\n<p>Formado en marketing, publicidad y dise\u00f1o, mis facultades est\u00e1n a su servicio para que cualquier acci\u00f3n comercial o de imagen, est\u00e9 bien focalizada, con gusto, con estilo, acorde a lo que su mercado exige, de acuerdo a captar a su p\u00fablico objetivo. <em>\u00bfPor que desperdiciar energ\u00edas y dinero con dise\u00f1os inapropiados?<\/em> Inicialmente el coste ser\u00eda el mismo, pero en un caso ser\u00eda dinero desperdiciado, y en otro caso, el trabajo puede generar ingresos para su negocio.<\/p>\n<h2>Sociedad de la imagen<\/h2>\n<p>Vivimos en un entorno en el que cada vez se da mayor importancia a la imagen. Una primera mala impresi\u00f3n, es un cliente perdido. Todo, sin excepci\u00f3n debe estar encaminado hac\u00eda una buena percepci\u00f3n, empezando con el mismo nombre, y continuando por la imagen de marca, papeler\u00eda, cat\u00e1logos, rotulos, stands, veh\u00edculos, sitio web,&#8230; Todo debe estar vinculado y relacionado; all\u00e1 donde se reconozcan los distintos elementos gr\u00e1ficos, se identifique\u00a0indudablemente\u00a0la marca, y todo lo que ella conlleva.<\/p>\n<h2><img decoding=\"async\" loading=\"lazy\" class=\"alignright size-medium wp-image-107\" title=\"comunicacion\" src=\"https:\/\/i0.wp.com\/www.albertocreativografico.com\/blog\/wp-content\/uploads\/2011\/10\/comunicacion.jpg?resize=300%2C225\" alt=\"comunicacion\" width=\"300\" height=\"225\" srcset=\"https:\/\/i0.wp.com\/www.albertocreativografico.com\/blog\/wp-content\/uploads\/2011\/10\/comunicacion.jpg?resize=300%2C225 300w, https:\/\/i0.wp.com\/www.albertocreativografico.com\/blog\/wp-content\/uploads\/2011\/10\/comunicacion.jpg?w=400 400w\" sizes=\"(max-width: 300px) 100vw, 300px\" data-recalc-dims=\"1\" \/>Comunicaci\u00f3n efectiva y global<\/h2>\n<p>Con m\u00e1s de 10 a\u00f1os de experiencia, en todas las facetas descritas, estoy capacitado para desarrollar su identidad corporativa, no solo un simple dibujito para el logo. Para desarrollar un sitio web, atractivo, din\u00e1mico, pr\u00e1ctico,&#8230; aprovechando las \u00faltimas tecnolog\u00edas y posibilidades.<br \/>\nCada web, cada dise\u00f1o, es original e inconfundible. No hay peor impacto que darse cuenta que alguien utiliza la misma web o una imagen gr\u00e1fica muy similar a otra empresa. Hay buscar la <strong><em>diferenciaci\u00f3n<\/em><\/strong>, distinguirse, innovar, destacar, si no, es tiempo y dinero perdido.<\/p>\n<p>\u00bfQue necesita? \u00bfLogotipos, imagen corporativa, tarjetas, tr\u00edpticos, d\u00edpticos, carteles, folletos, cat\u00e1logos, libros, revistas, etiquetas, adhesivos, calendarios, embalajes, displays, presentaciones, animaciones, expositores, totems, vinilos, rotulos, fotograf\u00eda industrial, reportajes&#8230;&#8230;?<\/p>\n<h2>Cons\u00falteme<\/h2>\n<p>Asimismo, ofrezco servicio de asesor\u00eda de imagen, aconsejando sobre las campa\u00f1as m\u00e1s idoneas y la forma de enfocar mejor su producto o servicio, y de fotograf\u00eda industrial, para documentar las campa\u00f1as y\/o cat\u00e1logos a realizar.<\/p>\n<p>No pierda m\u00e1s tiempo, e <a title=\"Contacto\" href=\"http:\/\/www.albertocreativografico.com\/blog\/contacto\/\">inf\u00f3rmese<\/a>.<\/p>\n","protected":false},"excerpt":{"rendered":"<p>La importancia de la imagen El dise\u00f1o gr\u00e1fico no es solo una faceta art\u00edstica y creativa;&hellip;<\/p>\n","protected":false},"author":5,"featured_media":102,"parent":0,"menu_order":3,"comment_status":"closed","ping_status":"closed","template":"","meta":{"jetpack_post_was_ever_published":false},"jetpack_shortlink":"https:\/\/wp.me\/P2ZBZa-1s","jetpack_sharing_enabled":true,"jetpack-related-posts":[{"id":2,"url":"http:\/\/www.albertocreativografico.com\/blog\/sobremi\/","url_meta":{"origin":90,"position":0},"title":"Sobre mi","date":"12 septiembre, 2011","format":false,"excerpt":"Dise\u00f1ador gr\u00e1fico con m\u00e1s de 10 a\u00f1os de experiencia como creativo gr\u00e1fico, dise\u00f1ador web, y maquetador. Formado en marketing, publicidad y dise\u00f1o, estoy facultado para cualquier acci\u00f3n comercial efectiva. Me tomo el dise\u00f1o, como una actividad seria enfocada al sector empresarial y comercial, y por ello entiendo, que prima la\u2026","rel":"","context":"Entrada similar","img":{"alt_text":"","src":"","width":0,"height":0},"classes":[]},{"id":1611,"url":"http:\/\/www.albertocreativografico.com\/blog\/politica-de-privacidad\/","url_meta":{"origin":90,"position":1},"title":"Pol\u00edtica de Privacidad","date":"5 septiembre, 2019","format":false,"excerpt":"Qu\u00e9 datos personales recogemos y por qu\u00e9 los recogemos Comentarios Y Formularios de contacto Cuando los visitantes dejan comentarios en la web, recopilamos los datos que se muestran en el formulario de comentarios, as\u00ed como la direcci\u00f3n IP del visitante y la cadena de agentes de usuario del navegador para\u2026","rel":"","context":"Entrada similar","img":{"alt_text":"","src":"","width":0,"height":0},"classes":[]},{"id":72,"url":"http:\/\/www.albertocreativografico.com\/blog\/sobremi\/experiencia\/","url_meta":{"origin":90,"position":2},"title":"Experiencia","date":"16 octubre, 2011","format":false,"excerpt":"Formaci\u00f3n Formado en Direcci\u00f3n Comercial en la Universidad de Valladolid. Integrante del Programa CREA de direcci\u00f3n empresarial \u00a0del Ayuntamiento de Valladolid y C\u00e1mara de Comercio. Y titulaciones de: - Especialista en Fotocomposici\u00f3n,\u00a0 impartido por FOREM (CC.OO.) - Dise\u00f1o Web,\u00a0 impartido por C.I.C. (Castilla Inform\u00e1tica Consulting) Formaci\u00f3n complementaria - Adobe Siute\u2026","rel":"","context":"Entrada similar","img":{"alt_text":"","src":"https:\/\/i0.wp.com\/www.albertocreativografico.com\/blog\/wp-content\/uploads\/2011\/10\/formacion-300x300.jpg?resize=350%2C200","width":350,"height":200},"classes":[]},{"id":126,"url":"http:\/\/www.albertocreativografico.com\/blog\/contacto\/","url_meta":{"origin":90,"position":3},"title":"Contacto","date":"17 octubre, 2011","format":false,"excerpt":"Si desea mayor informaci\u00f3n, solicitar presupuesto, o cualquiero otro tipo de consulta o dude en contactar conmigo a trav\u00e9s del correo alberto@albertocreativogr\u00e1fico.com Para desarrollar mi tarea no es necesario la proximidad, y f\u00e1cilmente se pueden realizar trabajos a distancia. En todo momento tendr\u00e1 completa informaci\u00f3n acerca de la evoluci\u00f3n del\u2026","rel":"","context":"Entrada similar","img":{"alt_text":"","src":"https:\/\/i0.wp.com\/www.albertocreativografico.com\/blog\/wp-content\/uploads\/2011\/10\/target_logo.jpg?resize=350%2C200","width":350,"height":200},"classes":[]},{"id":120,"url":"http:\/\/www.albertocreativografico.com\/blog\/sobremi\/fotografia\/","url_meta":{"origin":90,"position":4},"title":"Fotograf\u00eda","date":"17 octubre, 2011","format":false,"excerpt":"Ante todo soy un fot\u00f3grafo aficionado, pero conozco la fotograf\u00eda lo suficiente, para realizar un trabajo de calidad. Experiencia probada en fotograf\u00eda industrial, que se plasma en innumerables trabajos, en los que la fotograf\u00eda era un elemento clave, como en la elaboraci\u00f3n de cat\u00e1logos impresos y\/o web. Si por algo\u2026","rel":"","context":"Entrada similar","img":{"alt_text":"","src":"https:\/\/i0.wp.com\/www.albertocreativografico.com\/blog\/wp-content\/uploads\/2011\/10\/yocamara.jpg?fit=720%2C720&resize=350%2C200","width":350,"height":200},"classes":[]}],"jetpack_likes_enabled":true,"_links":{"self":[{"href":"http:\/\/www.albertocreativografico.com\/blog\/wp-json\/wp\/v2\/pages\/90"}],"collection":[{"href":"http:\/\/www.albertocreativografico.com\/blog\/wp-json\/wp\/v2\/pages"}],"about":[{"href":"http:\/\/www.albertocreativografico.com\/blog\/wp-json\/wp\/v2\/types\/page"}],"author":[{"embeddable":true,"href":"http:\/\/www.albertocreativografico.com\/blog\/wp-json\/wp\/v2\/users\/5"}],"replies":[{"embeddable":true,"href":"http:\/\/www.albertocreativografico.com\/blog\/wp-json\/wp\/v2\/comments?post=90"}],"version-history":[{"count":32,"href":"http:\/\/www.albertocreativografico.com\/blog\/wp-json\/wp\/v2\/pages\/90\/revisions"}],"predecessor-version":[{"id":1520,"href":"http:\/\/www.albertocreativografico.com\/blog\/wp-json\/wp\/v2\/pages\/90\/revisions\/1520"}],"wp:featuredmedia":[{"embeddable":true,"href":"http:\/\/www.albertocreativografico.com\/blog\/wp-json\/wp\/v2\/media\/102"}],"wp:attachment":[{"href":"http:\/\/www.albertocreativografico.com\/blog\/wp-json\/wp\/v2\/media?parent=90"}],"curies":[{"name":"wp","href":"https:\/\/api.w.org\/{rel}","templated":true}]}}